 + -182)
74
What is the value of (-1 - -30) + (168 - 177) + -116?
-96
Evaluate 3 - (4 + -3 + 2 + 34 + 5).
-39
What is -28 - (-19 + -86 + 44)?
33
(140 + -140 + (0 - 2) - 11) + 47
34
Calculate (-234 - (-136 + -143)) + 0 + 55.
100
Calculate 62 - (37 + 22) - (0 + -20).
23
What is the value of (-2 - 2) + 15 + 0 + -27 + -1?
-17
Calculate (217 - 190) + (1 - 12).
16
What is 19 - ((-13 - -6) + 3) - (-5 - -6 - -9)?
13
Calculate -39 + (28 - 46) + 64.
7
57 + (0 - (-2 - -14)) + 29 + -30
44
-5 + 4 + -15 - (3379 - 3340)
-55
12 + 25 + -28 - 19 - (7 + -1)
-16
What is 42 - (-59 + 32 - -9)?
60
Evaluate 35 + (-8 + 4 - (-1 + 3) - (-33 + 28)).
34
(53 - (17 - -34)) + 7
9
What is 927 + -781 + 7 + -96?
57
What is -10 - (-13 - -13 - -9 - 52)?
33
What is the value of -1 - 2 - (8 + -6) - (-87 - -108 - 9)?
-17
Evaluate (20 + (4 - 15) - 40) + -49.
-80
-15 + 44 + -42 - (-18 - 13)
18
Evaluate 0 - (0 - -13) - (-165 + 204 + -30).
-22
Evaluate 18 - 6 - (-35 - (4 - 11)).
40
What is 27 + -90 - (5 - 40)?
-28
Calculate -27 - (-57 + -7 + (7 - 3)).
33
Calculate (-17 - -83) + (-3 - (4 + -6)).
65
Evaluate 0 + 27 - ((-20 - -6) + 20 + -12).
33
Calculate (-45 - (-108 - -30)) + -96 + 9.
-54
101 + (-72 - (13 - -65))
-49
-108 - (-41 - (87 - -17))
37
What is the value of -65 + 113 + -140 + 43 + -7?
-56
What is 144 + -133 + -60 + 6 + -1?
-44
What is the value of (1 - -5) + 2 + 890 + -949?
-51
Evaluate -3 + -135 + 120 + (2 - -3 - -5) + -3.
-11
What is the value of 688 + -715 - (-1 + 7)?
-33
Calculate (-11 + 45 - 150) + 60.
-56
-7 + 0 - (1 + -24 + (-14 - -11 - -10))
9
Evaluate -19 + (5 - -2 - (234 + -225)).
-21
Evaluate 10 + 7 + 34 - 28.
23
(-2 - -1) + 10 + 135 + -167
-23
What is the value of (-20 - 29) + 60 + -2?
9
Calculate 13 + -18 + (31 + -68 - -13).
-29
Evaluate 14 - (1 - -4 - (13 - -3 - 4 - 15)).
6
What is the value of 2 + -1 + -54 - (378 + -359) - -8?
-64
What is 1 + 1 + 6 + 13 + -11 + -8 + -5?
-3
Evaluate -3 + 0 + -3 - (-85 + 114).
-35
Calculate -4 - 36 - (25 + -21 - (1 + 16)).
-27
-36 - (29 + -58) - 16 - (-2 - 17)
-4
57 + -66 + (-27 - -10) + -5
-31
(-4 - 8) + 2 - (5 + (-30 - 15))
30
Calculate -8 - ((14 + (-17 - -4) - 3) + 10).
-16
What is the value of (54 - 119) + (-35 - -78) + (0 - 0 - 9)?
-31
Calculate 36 + (-5 - 23) + 1 + -13.
-4
What is the value of -72 - -111 - 34 - (3 + -3 + 53)?
-48
What is ((22 - 23) + 42 - (2 + -6 - 6)) + -8?
43
Calculate 63 - (-6 + -71 + 64 - (1 + -10)).
67
-22 + 6 + (14 - (2 - -5)) + (10 - 48)
-47
Calculate -6 + (24 - 67) + 14 + -21.
-56
Calculate 1 - -9 - (19 + 88 + -24 + 25 + -37).
-61
What is -116 + -63 + 69 + 123?
13
What is the value of 1 + 1 - 2 - 3 - (7549 + -7546)?
-6
What is the value of 59 + -38 + (39 - 60)?
0
Calculate ((-13 - (11 - 32)) + -19 - -58) + 2.
49
Evaluate -9 - (-76 + (8 - (0 + 19)) + -6).
84
What is the value of 2 + 8 + (-118 - -108) - -48?
48
What is the value of -5 + (44 - 20) + -22 - -9?
6
What is 3 - 28 - -11 - (-105 - -136)?
-45
-46 + 33 + (44 - (13 - 21))
39
What is 49 - (-51 - (21 - 84))?
37
What is the value of 97 + (78 + -38 - 191)?
-54
Calculate -44 - -14 - (-2 - 1 - (6 + 3)).
-18
Calculate -159 + 165 - ((-5 - 5) + -62 - 3).
81
20 + (-21 - -13) - 29 - -44
27
What is the value of -18 + -34 - -108 - 62?
-6
Evaluate -94 + -5 + 6 + (7 - -6) + 0.
-80
What is the value of 454 + -499 - (-12 + (1 + 6 - 4) + 4)?
-40
Calculate 14 + 42 + -17 + -22.
17
What is (54 - ((10 - -5 - 12) + -3)) + 10?
64
Calculate 29 + -86 + (-10 - (8 - 11)) - -2.
-62
50 + -113 + 86 - 21
2
Calculate 44 + (-19 - (-29 - -2)) + -12 + (0 - 4).
36
-242 + 158 + -6 + (13 - (-3 - -11))
-85
What is -35 - (51 + -78) - -32?
24
1 - (70 - (74 + -47))
-42
What is 9 - -2 - (-37 - (0 - -4 - (3 + -6)))?
55
What is the value of 79 + -129 - (-51 - -6) - (108 + (-1 - -1))?
-113
Evaluate -31 + (14 - (-121 - -42 - -23)).
39
What is 0 - 9 - ((6 - -1) + (-4 - 58)) - 2?
44
What is the value of 48 + (1 + -16 - -9) + 19 + -1?
60
What is the value of -117 - -16 - (258 - 315)?
-44
Evaluate 109 + (79 - (8 + 166)).
14
What is the value of (1 - (-21 + 14 - -9 - 14)) + -50?
-37
What is the value of (-70 - -87 - 43 - (0 - (2 + 0))) + 0?
-24
What is the value of -9 + (-20 - 8) + (-9 - (-4 + 12))?
-54
(-3 - 8) + -4 + 59 + 6 + 5 + 9
64
Calculate (-90 - -157 - 36) + -100.
-69
3 + -9 + (3628 - 3653)
-31
What is the value of (-1 + -1 - (9 + -13)) + (30 - 62)?
-30
Calculate 0 - -5 - ((2 - 11 - -4) + 12) - 13.
-15
-37 + (-1 - 14 - (10 - (15 - -18)))
-29
What is the value of -13 - (3 + (1 - -1) - (-24 + 13 + 15))?
-14
1 + -3 + (73 + -163 - -111)
19
Calculate (-6 - -41) + 917 + -866.
86
Evaluate 4 + (7 - (-7 - -28)) - 22.
-32
Evaluate (-2 + 3 - -1) + 70 + (-20 + 14 - 19).
47
What is (2 - (-5 - -6 - 59)) + (10 - 33) + 29?
66
Evaluate 0 - (-22 - (14 - 12 - 21)).
3
Evaluate -8 + -13 + 0 + 15 + (5 - -22).
21
What is the value of -77 - (-42 - (-70 + 41)) - -35?
-29
Evaluate -146 - (-39 + -19) - -45.
-43
Evaluate (15 - 11 - (-19 - -3)) + 50.
70
Calculate (-68 + 28 + 4 - 64) + 5.
-95
Calculate -324 + 451 - (91 - 7).
43
What is 1183 + -1173 + (-3 - -4 - (-11 + -2))?
24
Evaluate (3 - 16 - -10) + 17 - -10 - 19.
5
Evaluate 7 + (-232 - -223) + (28 - -1).
27
(14 - (-10 + 16 + -7) - -19) + -6 + -14
14
What is the value of (-7886 - -8093) + 1 + -97?
111
What is -32 - -4 - (9 - (-4 + 11 + -24 + 17))?
-37
What is the value of 52 + (-16 - -8) + 7 + (-117 - -115)?
49
Calculate -8 + 105 + (-39 - 15).
43
-13 - (-36 + -20 + (55 - 13))
1
Calculate -11 + 2 + 21 + (5 - -2) + -6 - -60.
73
What is 77 - (69 + 40 - 36)?
4
Calculate (-102 - (44 - 127)) + 41 + 1.
23
What is the value of (3 - (-3 - (1 + -20))) + (28 - 33)?
-18
What is the value of -42 - (90 - 43 - 84)?
-5
Evaluate (-1 - 10 - -14 - -14) + -16.
1
Evaluate 10 - ((7 - (27 + -22)) + 1).
7
(4 - (7 - (-7 + 19))) + (37 - 0)
46
Evaluate -22 - (41 + 19 + -105).
23
-2 + 55 + -42 + 26 + -12 + 25
50
What is the value of (-3 - 1) + (10 + -24 + -11 - (2 + -2))?
-29
-72 - (-22 + -45) - (9 + 0)
-14
Evaluate 67 - (238 + -230 + (3 + -6 - (-2 - -5))).
65
What is the value of 56 + (-131 - (-2 - 72))?
-1
-28 + (41 - 34) - 18
-39
Calculate (-61 - -12) + (309 - 265).
-5
40 + -27 + 7 + 0 - 20
0
Calculate -36 - ((64 - 25) + -62) - (96 - (1 - 2)).
-110
What is 21 - ((1 - 11) + (138 - 132) - -15)?
10
What is the value of -3 + (-245 - -211 - ((-3 - -1) + -2)) + 11?
-22
What is 1 + 32 + -14 + -2 + -33 + -12?
-28
Calculate 46 - (68 - (103 - 20)).
61
What is (1 - (-11 + (-3 - -40))) + -44?
-69
What is the value of -1 + 4 + -14 + 305 + -190?
104
27 + ((3 - 5) + 2 - (-130 + 126))
31
Evaluate 45 + -36 + (-3 - (-6 + -32 + (-7 - -12))).
39
What is 31 + -17 - 42 - 33 - -24?
-37
What is -70 + 59 + 47 - 130?
-94
-43 + 15 + (10 - 2) + -34
-54
Calculate 6 + (7 - 16) + 18 + (38 - -12).
65
What is the value of (15 + 20 - (31 - -1)) + -60 + -1?
-58
38 - (5 - (-1 - 3) - (5 + 6 + -3))
37
What is the value of (38 - 52) + -28 + 34?
-8
Evaluate -19 + -210 + 0 + 94.
-135
What is -27 - (20 - (-11 + (-17 - -48)))?
-27
Calculate -4 + (-8 - -17) + (6 + 6 - 14) - -20.
23
Evaluate -183 + 216 + (10 - (1 + 0)) + -7.
35
What is (-2 - -1) + 16 + (-15 + 12 - 12) - -40?
40
What is 15 + (0 - (-4 - 0)) + (-114 - -132)?
37
(87 - 162) + 21 - 2
-56
45 + -1 + -23 + (11 - 1)
31
Evaluate -92 - -46 - -115 - 16.
53
Evaluate 0 + 127 - (1012 + -942).
57
-102 + (-31 - -65) + 5 + 0
-63
Calculate -7 + 9 + 9 - (11 + -9).
9
Evaluate -21 - (-16 + 25 - (14 - 8)).
-24
Calculate (0 - 1) + -5 + 158 + (-90 - 65).
-3
What is 2 + -21 + -2 - (-583 + 553) - -62?
71
-82 - (-9 - -12 - 9 - (-1 + 8 - 8))
-77
What is (134 - 180) + (-1 - -24) - 48?
-71
What is the value of -135 + -43 - (-85 - -42)?
-135
Calculate -48 + -17 + 12 + 53.
0
22 - (-15 - (18 - 11)) - 25
19
49 - (-11 + (9 + -22 - -11) + 5)
57
-40 + 45 + -11 + (-6 - -3 - -6)
-3
What is 16 - (6 + (-19 - (2 + 0)))?
31
What is 14 - (7 + (-15 - -12)) - (0 + 3) - -14?
21
What is 28648 - 28555 - (65 + 1)?
27
Calculate 63 + (34 - 88) - (0 - -46).
-37
What is 28 - (-4 + -12 + (29 - 8))?
23
What is (57 - 112) + 38 - (-35 + 1) - -65?
82
What is -19 + (28 - (6 + 2)) - -33?
34
(-52 - (44 + -99)) + (22 - 2)
23
Evaluate -1 + -5 + -1 + -3 + (19 - (7 + -10)).
12
Evaluate 4 - (2 - (24 - (7 - -4)) - -12 - -3).
0
What is 16 + -69 - -13 - 17?
-57
-53 + (-28 - -56) + -8 + 116
83
What is the value of 28 - 49 - -1 - (2 - 11